{"id":31,"date":"2019-01-09T12:14:31","date_gmt":"2019-01-09T11:14:31","guid":{"rendered":"https:\/\/arztpraxis-rieger.de\/pages\/?page_id=31"},"modified":"2021-06-23T14:56:22","modified_gmt":"2021-06-23T12:56:22","slug":"anfahrt","status":"publish","type":"page","link":"https:\/\/arztpraxis-rieger.de\/pages\/anfahrt\/","title":{"rendered":"Anfahrt in die Ledererstra\u00dfe 4"},"content":{"rendered":"<p><a href=\"https:\/\/arztpraxis-rieger.de\/pages\/wp-content\/uploads\/2019\/03\/Lageplan_Praxis02.jpg\"><img loading=\"lazy\" decoding=\"async\" class=\"alignleft wp-image-153 size-medium\" src=\"https:\/\/arztpraxis-rieger.de\/pages\/wp-content\/uploads\/2019\/03\/Lageplan_Praxis02-300x261.jpg\" alt=\"\" width=\"300\" height=\"261\" srcset=\"https:\/\/arztpraxis-rieger.de\/pages\/wp-content\/uploads\/2019\/03\/Lageplan_Praxis02-300x261.jpg 300w, https:\/\/arztpraxis-rieger.de\/pages\/wp-content\/uploads\/2019\/03\/Lageplan_Praxis02-768x667.jpg 768w, https:\/\/arztpraxis-rieger.de\/pages\/wp-content\/uploads\/2019\/03\/Lageplan_Praxis02-1024x889.jpg 1024w, https:\/\/arztpraxis-rieger.de\/pages\/wp-content\/uploads\/2019\/03\/Lageplan_Praxis02.jpg 2000w\" sizes=\"auto, (max-width: 300px) 100vw, 300px\" \/><\/a>Sie finden uns in der Innenstadt zwischen Isartor und Marienplatz. Vom Tal aus erreichen Sie uns durch die B\u00f6hmler-Passage oder direkt \u00fcber die Ledererstrasse 4 im 1. Stock, des \u00c4rztehauses.<\/p>\n<p>Wir empfehlen Ihnen die Anfahrt mit \u00f6ffentlichen Verkehrsmitteln.<\/p>\n<p>S-Bahn Stationen: Marienplatz oder Isartor<\/p>\n<p>U-Bahn Stationen: Marienplatz oder\u00a0 Odeonsplatz<\/p>\n<p>\u00d6ffentliches Parkhaus der Sparkasse in der Maderbr\u00e4ustrasse und barrierefreie Parkm\u00f6glichkeit Ecke Maderbr\u00e4u-\/Ledererstrasse.<\/p>\n<figure id=\"attachment_189\" aria-describedby=\"caption-attachment-189\" style=\"width: 1024px\" class=\"wp-caption alignleft\"><a href=\"http:\/\/www.dellefant.de\/index.php?id=58\" target=\"_blank\" rel=\"noopener noreferrer\"><img loading=\"lazy\" decoding=\"async\" class=\"wp-image-189 size-large\" src=\"https:\/\/arztpraxis-rieger.de\/pages\/wp-content\/uploads\/2019\/03\/Nicht_sehen_nicht_hoeren-1-1024x717.jpg\" alt=\"\" width=\"1024\" height=\"717\" srcset=\"https:\/\/arztpraxis-rieger.de\/pages\/wp-content\/uploads\/2019\/03\/Nicht_sehen_nicht_hoeren-1-1024x717.jpg 1024w, https:\/\/arztpraxis-rieger.de\/pages\/wp-content\/uploads\/2019\/03\/Nicht_sehen_nicht_hoeren-1-300x210.jpg 300w, https:\/\/arztpraxis-rieger.de\/pages\/wp-content\/uploads\/2019\/03\/Nicht_sehen_nicht_hoeren-1-768x538.jpg 768w\" sizes=\"auto, (max-width: 1024px) 100vw, 1024px\" \/><\/a><figcaption id=\"caption-attachment-189\" class=\"wp-caption-text\">Kunst von Lucia Dellefant &amp; Anton Petz und von Carl-H1 Daxl sehen Sie in unserer Praxis<\/figcaption><\/figure>\n<p><!--<iframe loading=\"lazy\" src=\"https:\/\/www.google.com\/maps\/embed?pb=!1m18!1m12!1m3!1d2662.6085859393716!2d11.57664135031682!3d48.13707125907473!2m3!1f0!2f0!3f0!3m2!1i1024!2i768!4f13.1!3m3!1m2!1s0x479e758bada78127%3A0x981d0a5d129b09a3!2sHerr+Dr.+med.+Thomas+Rieger!5e0!3m2!1sde!2sde!4v1546990724194\" width=\"500\" height=\"450\" frameborder=\"0\" allowfullscreen=\"allowfullscreen\"><span style=\"display: inline-block; width: 0px; overflow: hidden; line-height: 0;\" data-mce-type=\"bookmark\" class=\"mce_SELRES_start\"><\/span><\/iframe>--><\/p>\n","protected":false},"excerpt":{"rendered":"<p>Sie finden uns in der Innenstadt zwischen Isartor und Marienplatz. Vom Tal aus erreichen Sie uns durch die B\u00f6hmler-Passage oder direkt \u00fcber die Ledererstrasse 4 im 1. Stock, des \u00c4rztehauses. Wir empfehlen Ihnen die Anfahrt mit \u00f6ffentlichen Verkehrsmitteln. S-Bahn Stationen: Marienplatz oder Isartor U-Bahn Stationen: Marienplatz oder\u00a0 Odeonsplatz \u00d6ffentliches Parkhaus der Sparkasse in der Maderbr\u00e4ustrasse &hellip;<\/p>\n","protected":false},"author":1,"featured_media":0,"parent":0,"menu_order":0,"comment_status":"closed","ping_status":"closed","template":"","meta":{"_lmt_disableupdate":"no","_lmt_disable":"","footnotes":""},"class_list":{"0":"post-31","1":"page","2":"type-page","3":"status-publish","5":"clearfix","6":"article"},"translation":{"provider":"WPGlobus","version":"3.0.2","language":"de","enabled_languages":["de","gb"],"languages":{"de":{"title":true,"content":true,"excerpt":false},"gb":{"title":true,"content":true,"excerpt":false}}},"_links":{"self":[{"href":"https:\/\/arztpraxis-rieger.de\/pages\/wp-json\/wp\/v2\/pages\/31","targetHints":{"allow":["GET"]}}],"collection":[{"href":"https:\/\/arztpraxis-rieger.de\/pages\/wp-json\/wp\/v2\/pages"}],"about":[{"href":"https:\/\/arztpraxis-rieger.de\/pages\/wp-json\/wp\/v2\/types\/page"}],"author":[{"embeddable":true,"href":"https:\/\/arztpraxis-rieger.de\/pages\/wp-json\/wp\/v2\/users\/1"}],"replies":[{"embeddable":true,"href":"https:\/\/arztpraxis-rieger.de\/pages\/wp-json\/wp\/v2\/comments?post=31"}],"version-history":[{"count":63,"href":"https:\/\/arztpraxis-rieger.de\/pages\/wp-json\/wp\/v2\/pages\/31\/revisions"}],"predecessor-version":[{"id":928,"href":"https:\/\/arztpraxis-rieger.de\/pages\/wp-json\/wp\/v2\/pages\/31\/revisions\/928"}],"wp:attachment":[{"href":"https:\/\/arztpraxis-rieger.de\/pages\/wp-json\/wp\/v2\/media?parent=31"}],"curies":[{"name":"wp","href":"https:\/\/api.w.org\/{rel}","templated":true}]}}